base 15, what is 0 + 78cc?
78cc
In base 10, what is 563 + 840?
1403
In base 5, what is 2322422 + 31?
2323003
In base 5, what is 1 + -2101?
-2100
In base 12, what is 4 + 254561?
254565
In base 6, what is -31005 - -100?
-30505
In base 10, what is -45893 + -4?
-45897
In base 9, what is -21041 + 0?
-21041
In base 4, what is -12111 + -2103?
-20220
In base 2, what is -1001010011000001 - -101?
-1001010010111100
In base 16, what is -13 + -1f3ce?
-1f3e1
In base 6, what is 215211 + 10?
215221
In base 16, what is -339 + -22?
-35b
In base 7, what is -43230 - 1?
-43231
In base 5, what is 221442 - -41?
222033
In base 11, what is 10747 - -64?
10800
In base 13, what is 1355 - c?
1346
In base 2, what is -10000100100 - -1001001001?
-111011011
In base 5, what is 241320 + -223?
241042
In base 2, what is -1100010001010010100 - 11?
-1100010001010010111
In base 15, what is 10 - 9b?
-8b
In base 14, what is 27 - -1423c?
14265
In base 16, what is -23a + -221?
-45b
In base 9, what is -37145 + -3?
-37148
In base 7, what is -2 + -201126?
-201131
In base 9, what is 4474 - 87?
4376
In base 7, what is -6230 + 1?
-6226
In base 8, what is 23312 - -102?
23414
In base 9, what is -78671 + 12?
-78658
In base 13, what is -2 + -58c664?
-58c666
In base 2, what is 11000100010011000 - -1?
11000100010011001
In base 2, what is 1111010011110100111 - -11?
1111010011110101010
In base 9, what is -202455 - -8?
-202446
In base 5, what is -10133 - 201?
-10334
In base 4, what is -103300110010 - 11?
-103300110021
In base 14, what is -2493 + 14?
-247d
In base 13, what is -a32 - 6?
-a38
In base 12, what is 272 + 46ab?
4961
In base 6, what is -2542510 - 3?
-2542513
In base 12, what is -1b + -18514?
-18533
In base 4, what is -2202 + -311?
-3113
In base 2, what is 110 - 1100010010011?
-1100010001101
In base 6, what is -123 - 201330?
-201453
In base 7, what is -541023 - -1?
-541022
In base 11, what is -45 - -3162?
3118
In base 9, what is 8071 - 475?
7485
In base 2, what is -10011000 - 1100001100?
-1110100100
In base 3, what is 10 - -2022112?
2022122
In base 2, what is 0 - 10111100111100?
-10111100111100
In base 9, what is 105 + -2366?
-2261
In base 7, what is 1 + 1301351?
1301352
In base 2, what is -11000100110011001101 + -10?
-11000100110011001111
In base 14, what is 4 + 891?
895
In base 4, what is -12000002 + 1?
-12000001
In base 16, what is -1 + f5ea?
f5e9
In base 2, what is -1101000001010001100000 + -101?
-1101000001010001100101
In base 12, what is 6b + 2616?
2685
In base 5, what is 2034 - 4224?
-2140
In base 6, what is -5 - -201521?
201512
In base 8, what is -12205 + 113?
-12072
In base 15, what is -c244 - 4?
-c248
In base 4, what is -30213 + -10202?
-101021
In base 9, what is 11 - -528423?
528434
In base 11, what is 1056 + -a4?
a62
In base 16, what is -b8 - -3da5?
3ced
In base 14, what is 12 - 12666?
-12654
In base 5, what is 1 + 123101120?
123101121
In base 9, what is 288 + -134?
154
In base 11, what is 158 + 1985?
2032
In base 5, what is -3 + 2314003?
2314000
In base 11, what is -22706 + -1?
-22707
In base 13, what is -6 + 74654?
7464b
In base 5, what is 23342 + -3?
23334
In base 8, what is 776 - -46?
1044
In base 8, what is 41611 + 1?
41612
In base 8, what is 30400 + 4?
30404
In base 14, what is 81d - 7?
816
In base 13, what is 35343 + 5?
35348
In base 4, what is -2 - -20113122?
20113120
In base 8, what is -107455 - 3?
-107460
In base 6, what is -512 - -3445?
2533
In base 15, what is 3116 - -1bd?
32d4
In base 4, what is -22 + -333223002?
-333223030
In base 8, what is 1 - -52123?
52124
In base 8, what is 3 + -25415?
-25412
In base 11, what is -4 + 9610?
9607
In base 12, what is 181a - 7?
1813
In base 3, what is -101 - -2?
-22
In base 9, what is 434338 + -7?
434331
In base 10, what is 56 - -1567?
1623
In base 9, what is -77 + 22655?
22567
In base 4, what is -302033 + -1112?
-303211
In base 15, what is 1d878 - e?
1d869
In base 12, what is 1 - -193a3?
193a4
In base 4, what is -333333232 + -3?
-333333301
In base 2, what is 1111100 + 101000001111000?
101000011110100
In base 2, what is 10001 - 1001001011111?
-1001001001110
In base 2, what is 101010110101110011 + -10?
101010110101110001
In base 15, what is -3 - -2021?
201d
In base 12, what is -152 - -10?
-142
In base 6, what is 3254 - 1003?
2251
In base 6, what is -22 - 42?
-104
In base 7, what is -2 + -5335132?
-5335134
In base 8, what is 24334226 - 2?
24334224
In base 4, what is -13021 - 3011?
-22032
In base 3, what is -110220102122 - 1?
-110220102200
In base 4, what is 12310 - 1010?
11300
In base 14, what is 604 - 2da?
308
In base 5, what is -1220 + 240202?
233432
In base 15, what is -dd4b9d - -1?
-dd4b9c
In base 11, what is 0 - -400?
400
In base 13, what is -126b58 - -5?
-126b53
In base 13, what is -316b6 + -2?
-316b8
In base 13, what is 0 - -171cb?
171cb
In base 15, what is -7a2 + -9?
-7ab
In base 4, what is -120 - 13110212?
-13110332
In base 7, what is -1044 - -216?
-525
In base 13, what is 31970 - c?
31961
In base 8, what is -3724 + 2351?
-1353
In base 3, what is -211200 - 20022?
-1001222
In base 7, what is 10 + -30605?
-30565
In base 5, what is -3033433 - 21?
-3034004
In base 9, what is 5 - -300836?
300842
In base 4, what is 2230 - 113023?
-110133
In base 13, what is -847ab - -5?
-847a6
In base 12, what is 2 - -58a5?
58a7
In base 3, what is -22 - 1101020?
-1101112
In base 10, what is -17 + -2107?
-2124
In base 11, what is -84 + 5a6?
522
In base 8, what is 62153 - 2?
62151
In base 10, what is -7302 - 11?
-7313
In base 3, what is 201210002211101 + -2?
201210002211022
In base 15, what is bbe8 - -6?
bbee
In base 8, what is 2616 + -71?
2525
In base 16, what is -1f4 + -ba?
-2ae
In base 5, what is 3014 - -2400?
10414
In base 13, what is -5600 - 59?
-5659
In base 5, what is -12030442 + -4?
-12031001
In base 10, what is 3 + -11815?
-11812
In base 13, what is ac - 117?
-38
In base 5, what is -1110 - 343143?
-344303
In base 3, what is -1 + -21211202000?
-21211202001
In base 4, what is -20 + 3310120?
3310100
In base 8, what is -21126 - -6?
-21120
In base 7, what is 6 - -31631?
31640
In base 4, what is -10 - 20110003?
-20110013
In base 4, what is 2 + 10211032100?
10211032102
In base 15, what is 5 - dce8?
-dce3
In base 15, what is 2 + -3137?
-3135
In base 2, what is 11101 - 100011110000?
-100011010011
In base 8, what is 2742753 + -5?
2742746
In base 14, what is -589b5 - 4?
-589b9
In base 15, what is -d + 1ee?
1e1
In base 8, what is 14 - -12020?
12034
In base 8, what is 621 + 14?
635
In base 14, what is -23 + ca?
a7
In base 4, what is -13312202 - -201?
-13312001
In base 3, what is -20200 - -221100?
200200
In base 8, what is -54032 + -5?
-54037
In base 6, what is 34 + 240?
314
In base 7, what is -5 - 62550?
-62555
In base 8, what is -20 + -567?
-607
In base 5, what is -33444420 + 31?
-33444334
In base 14, what is 167 - 11?
156
In base 7, what is 3324 - 3043?
251
In base 2, what is 10010011 + -1100110110001?
-1100100011110
In base 14, what is -11b + 79?
-82
In base 3, what is 2220212122 + 11?
2220212210
In base 13, what is 28250 - -5?
28255
In base 13, what is 71 + -519?
-478
In base 13, what is -3 - 84ba?
-84c0
In base 15, what is -1032c - -b?
-10321
In base 13, what is 64 + 154?
1b8
In base 13, what is -c + a75?
a66
In base 12, what is -539b2 - 2?
-539b4
In base 7, what is -232221 - 304?
-232525
In base 10, what is 124 - -277?
401
In base 7, what is 1424 + 2011?
3435
In base 9, what is -86622 + -4?
-86626
In base 2, what is -1001011110100011 + 11?
-1001011110100000
In base 12, what is 8 + -122359?
-122351
In base 16, what is -b8d + 179?
-a14
In base 14, what is -742a35 - -5?
-742a30
In base 2, what is -100000011 - -10111110?
-1000101
In base 3, what is 12 - 22201110?
-22201021
In base 16, what is -2 - -269?
267
In base 16, what is a + 85cb?
85d5
In base 7, what is -5 - -65240?
65232
In base 12, what is -34 + 106a?
1036
In base 16, what is 82 - -a4?
126
In base 12, what is -1354 + -792?
-1b26
In base 10, what is -44 + 555?
511
In base 10, what is 41565 - -6?
41571
In base 4, what is -1 - 3330200?
-3330201
In base 5, what is -10 - -31044034?
31044024
In base 4, what is 1 - 11212012?
-11212011
In base 3, what is -1 - 12112211222?
-12112212000
In base 16, what is -b - 7f78?
-7f83
In base 4, what is 102011300 + 13?
102011313
In base 9, what is -65 + -12?
-77